 is the tens digit of o?
5
Suppose 0 = -3*f + 2*m, -3*f + 2*m = -3*m - 9. Let z be 1 - (f - 15/1). What is the units digit of 2*(z/4)/1?
9
Suppose 0 = v + 9 + 6. Let i = v - -25. What is the units digit of i?
0
Suppose 0 = -i - 35 + 170. What is the tens digit of i?
3
Let u be 46/(-4) - 1/(-2). Let t(m) = -3*m - 10. What is the units digit of t(u)?
3
Let t(r) be the first derivative of 2*r**3/3 + r**2 + r - 1. Let i be t(-1). What is the units digit of (1 + -2)/(-2 + i)?
1
Let z(s) be the first derivative of -s**2/2 - 11*s - 1. Let q be z(-5). Let y(a) = -a - 5. What is the units digit of y(q)?
1
Let m be (-634)/(-4) + (-15)/(-10). Suppose f = 4*c - 144, -4*f - f - m = -4*c. What is the units digit of c?
5
What is the hundreds digit of (-15)/(-12) + 2793/28?
1
Let t(f) = -3*f. Let j be t(-1). Suppose 0 = -2*n + j*d - 6*d + 37, 0 = 5*n - 5*d - 55. What is the units digit of n?
4
Suppose 2*g - 89 - 203 = 0. What is the units digit of g?
6
Let g = -17 - -24. Suppose -2*c - 15 = -g*c. Let s = -2 + c. What is the units digit of s?
1
Suppose 5*u - 16 = -3*k - 0, 10 = 5*u + 5*k. Suppose -u*l + 7 + 13 = 0. What is the units digit of l?
4
Let a(f) = f**2 - 3*f + 6. Let k be ((-4)/10)/(2/(-20)). What is the units digit of a(k)?
0
Let l(i) = 2*i**3 + 2*i - 1. Let x be l(1). Suppose -x*b - 45 = -8*b. Suppose 0 = j + 2 - b. What is the units digit of j?
7
Suppose -a = -3 - 1. Let y(x) = 3*x**2 + 11*x - 9. Let n(b) = 2*b**2 + 10*b - 8. Let i(s) = a*y(s) - 5*n(s). What is the units digit of i(4)?
2
Let l(x) = 3*x**2 - 8*x - 4. What is the tens digit of l(6)?
5
Let j = 14 + -23. What is the units digit of ((-8)/3)/(6/j)?
4
Let w(z) = z + 55. What is the tens digit of w(-20)?
3
Suppose -2*k + 5*k - 18 = 0. What is the units digit of (-238)/(-18) + k/(-27)?
3
Suppose -11 = -3*s - 5*l, -2*s = -l + 1 - 30. What is the tens digit of s?
1
Let n(g) = -7 + 3 + 1 + g - 2*g. Let m(r) = -2*r - 2. Let i(t) = 2*m(t) - 3*n(t). What is the tens digit of i(-6)?
1
Let q(l) = 3*l**2 - 2*l + 4. What is the tens digit of q(2)?
1
Suppose 3*n = 1 + 65. Let l be ((-4)/5)/(4/50). Let k = n + l. What is the tens digit of k?
1
Suppose 4*b + 2*o - 19 = 3*o, 5*b = -5*o + 30. Suppose -h + 4*x = -23, b*h - 5*x - 130 = -0*x. Let u = -16 + h. What is the units digit of u?
1
Let o(l) = l**2 + 3*l + 6. Let r be o(-3). Let n(w) = w**3 - 4*w**2 - 9*w + 11. What is the units digit of n(r)?
9
Suppose 3*j - 2*d + 0 = -188, -4*d = -j - 56. What is the tens digit of ((-16)/16)/(2/j)?
3
Let f(a) = 7*a**3 - 12*a**2 + 2*a. Let s = 6 - 12. Let r(m) = -6*m**3 + 11*m**2 - 2*m + 1. Let o(h) = s*r(h) - 5*f(h). What is the units digit of o(6)?
6
Let x be (-10)/(-15) + (-74)/(-6). Let g = 1 + x. What is the units digit of g?
4
Let a(l) be the first derivative of -3 + 1/3*l**3 + 7*l + 9/2*l**2. What is the units digit of a(-9)?
7
Suppose 0 = -z + 30 - 6. What is the units digit of z?
4
Let v(w) = w**2 - 2*w. Let k be v(2). Suppose 0 = -5*l + 2*m + 2*m - 14, -3*l - 2*m - 4 = k. What is the units digit of 9 + (-2 - -2) + l?
7
Let k(g) = 2*g**2. Let h be k(1). Suppose 96 = 4*x - 5*w, -3*w = h*x + w - 48. What is the units digit of x?
4
Let x(z) = -2*z + 6. Let i(d) = d**3 - 7*d**2 + 7*d - 1. Let g be i(6). Suppose -3*q - g = q - 5*v, -2*v - 16 = 2*q. What is the units digit of x(q)?
6
Let c be (-27)/21 + 4/14. What is the units digit of 1/(c - (-60)/57)?
9
Let k(b) = -b - 2. Let j be k(4). Let y = j + 11. What is the units digit of y?
5
Let c(t) = -3*t + 5. What is the tens digit of c(-4)?
1
Let f = 8 + 1. Suppose 4*n - f = -1. Suppose -r + 18 = n*r. What is the units digit of r?
6
Let a(g) = -14*g - 7. Let z(b) = -41*b - 20. Let c(h) = 17*a(h) - 6*z(h). What is the units digit of c(2)?
7
What is the units digit of 2/(-1) + (-64)/(-16)?
2
Suppose 5 + 0 = 5*o. What is the tens digit of (-2 - o)/(9/(-48))?
1
Let s(g) = 3*g + 6. Let j(k) = -7 + 3 + k + 6. Let q(t) = -8*j(t) + 3*s(t). What is the units digit of q(5)?
7
Suppose 3*y = y - 2. Let u(w) = -17*w + 1. What is the units digit of u(y)?
8
Suppose 3*a + 32 = -4*q, -2*a - 4*q = 21 + 3. Let b = 9 + a. Let p = 22 + b. What is the tens digit of p?
2
Let j(o) = -32*o**2 - o. Let c be j(1). What is the units digit of c/22 - 34/(-4)?
7
Suppose -3 = 3*x - 24. Let c(b) = -b + 1. Let s be c(-5). What is the tens digit of x + s + -1 + 1?
1
Let l be 4/16 + (-15)/(-4). Suppose -5*f = 4*a - 159, -a - 57 + 193 = l*f. Suppose -f - 1 = -4*g. What is the units digit of g?
9
Let l(c) = -c**3 - 8*c**2 - 8*c - 2. Let n be l(-7). Suppose 4*u - n*o = -6, -4*u = -3*o + 3 + 7. Let v = u + 12. What is the units digit of v?
8
Suppose -d + 3744 = 11*d. What is the tens digit of d?
1
Let s(d) be the first derivative of -d**2/2 + 8*d - 1. What is the units digit of s(7)?
1
Let l = -2 + 2. Suppose 0 = h - 4*o - 6, 0*h - 2*h + 4*o = l. Let z = h - -15. What is the units digit of z?
9
Let o = -36 + 63. What is the units digit of o?
7
Suppose 47 = -2*b + 483. Suppose -5*i = -3*l - b, 3*l = 2 - 5. Let o = i + -31. What is the tens digit of o?
1
Let z(k) = -k + 3. Let q(n) = -1. Let i(o) = -o**2 - 8*o - 1. Let c be i(-7). Let a(j) = c*q(j) + z(j). What is the units digit of a(-6)?
3
Suppose 3*h - 222 = -4*d - 29, 132 = 2*h + d. What is the units digit of h?
7
Suppose 0 = 3*z - 0 - 9. What is the units digit of -1 + z - 35/(-7)?
7
Let g(z) be the first derivative of z**3/3 - 2*z**2 + 4*z - 4. Let a be g(4). Suppose m = -m + l + 21, 2*m + a*l = 16. What is the tens digit of m?
1
Let x(n) = -2*n**3 - 5*n**2 + 5*n + 6. Let i be x(-5). What is the tens digit of (-3)/(-9) + i/6?
1
Let f(d) = 5*d**2 + 3 + d**2 + 0*d**2 - 7*d + d**3. Let r be f(-7). Let a = 8 - r. What is the units digit of a?
5
Let b = -27 + 17. Let l(h) = -4*h - 4. Let v be l(5). What is the tens digit of (v/b)/((-4)/(-20))?
1
Suppose 6 = -7*l + 4*l. What is the units digit of (3 + -5)*-1 - l?
4
Let a(q) = 2*q - 6. Let p be -3 - (0 - (2 - -10)). What is the tens digit of a(p)?
1
What is the units digit of 2/(-6) + 2244/36?
2
Let b(z) = z**3 + 5*z**2 + z + 3. Let u be ((-2)/4)/(5/40). What is the tens digit of b(u)?
1
Suppose f - 23 - 13 = 0. Suppose -4*t = -t - f. What is the tens digit of t?
1
Let h(d) = d**3 + 7*d**2 + 2*d + 9. What is the units digit of h(-6)?
3
Let s(m) = -m**2 + 10*m. What is the units digit of s(4)?
4
Suppose -y - 70 = -o + 10, -4*o - 4*y + 304 = 0. What is the units digit of o?
8
Suppose 2*h - 14 = -5*a, -4 = -2*a - 0. Let p be (-7)/(-9) + h/9. Let w = 5 - p. What is the units digit of w?
4
What is the units digit of 7 - 8 - (1 + -22)?
0
Let t = -15 + 21. Let h be (t - 2)/((-4)/(-16)). Suppose -h - 20 = -4*s. What is the units digit of s?
9
Let l(u) = -13*u. What is the tens digit of l(-4)?
5
Let g(i) = 52*i**2 + 2*i - 6. What is the hundreds digit of g(-2)?
1
What is the tens digit of (-1 + 5)*(-356)/(-16)?
8
Let g(m) = -m + 1. Let j(n) = 3*n - 3. Let r(t) = -5*g(t) - 2*j(t). What is the units digit of r(-6)?
7
What is the units digit of 1300/7 - 6/(-21)?
6
Suppose -d + 156 = -2*p, -2*p - 2*p = 5*d - 836. What is the units digit of d?
4
Suppose -2*m - 8 = s, -m - 4*s = 3*m + 24. Let h(t) = 10*t - 2. Let i(z) = -z. Let v(u) = -h(u) - 5*i(u). What is the units digit of v(m)?
2
Suppose q + 27 = 4*n, 0 = n - 0*n + 2*q - 9. Let t = 2 + n. What is the units digit of t?
9
Let l(u) be the third derivative of -u**6/120 - u**5/60 - u**4/8 - u**3/2 + 2*u**2. Let i be l(-2). Suppose -2*a = -i - 5. What is the units digit of a?
6
Suppose -121 = -6*q + 563. What is the tens digit of q?
1
Let f(w) = -4 + w + 2 - 2 + 2. What is the units digit of f(14)?
2
Let v(n) = 5*n + 17. Let p(t) = 9*t + 33. Let z(f) = 6*p(f) - 11*v(f). Let d be z(8). Let m = d - 0. What is the units digit of m?
3
Let w(m) = m + 8 + 6*m - 5*m - m. What is the units digit of w(-4)?
4
What is the units digit of -4 + (-2)/(5/((-825)/2))?
1
What is the tens digit of (-74)/5*10/(-4)?
3
Suppose -4*x + 29 = -67. What is the units digit of x?
4
Let j = 29 - 15. What is the units digit of j?
4
Let u = 0 - -5. Suppose -2*j - g = -u*j + 227, j - 4*g - 94 = 0. Suppose 2*b = -s + 22, b = -5*s + 3*b + j. What is the tens digit of s?
1
Let q = 169 - 67. What is the units digit of q?
2
Let v(l) = -l - 5. Let b be v(-4). What is the units digit of -1 + (2 - b) + 14?
